{"id":329,"date":"2022-05-29T15:22:05","date_gmt":"2022-05-29T19:22:05","guid":{"rendered":"https:\/\/cibsint.ufms.br\/?page_id=329"},"modified":"2024-10-17T09:40:23","modified_gmt":"2024-10-17T13:40:23","slug":"dr-jamal-rafique","status":"publish","type":"page","link":"https:\/\/cibsint.ufms.br\/en\/pesquisadores\/dr-jamal-rafique\/","title":{"rendered":"Dr. Jamal Rafique"},"content":{"rendered":"<p style=\"text-align: justify\"><img decoding=\"async\" class=\"alignleft wp-image-173 size-thumbnail\" src=\"https:\/\/cibsint.ufms.br\/files\/2022\/05\/jamal_rafique-150x150.png\" alt=\"\" width=\"150\" height=\"150\" \/>Graduado em Qu\u00edmica e Biologia pela Universidade de Peshawar \u2013 Paquist\u00e3o em 2003, mestre em Qu\u00edmica Org\u00e2nica pela Universidade of Malakand \u2013 Paquist\u00e3o em 2005 e doutor em Qu\u00edmica Org\u00e2nica pela Universidade Federal de Santa Catarina sob a orienta\u00e7\u00e3o do Prof. Dr. Braga em 2014. Realizou P\u00f3s-doutorado no Departamento de de Qu\u00edmica da UFSC sob a supervis\u00e3o do Prof. Braga. Atualmente \u00e9 Professor (estrangeiro) da Universidade Federal de Mato Grosso do Sul. Tem interesse e experi\u00eancia na ativa\u00e7\u00e3o C-H, calcogena\u00e7\u00e3o de compostos heteroc\u00edclicos, fotoqu\u00edmica aplicada em s\u00edntese org\u00e2nica e s\u00edntese de pequenas mol\u00e9culas de interesse farmacol\u00f3gico envolvendo qu\u00edmica sustent\u00e1vel. Tem experi\u00eancia em S\u00edntese Org\u00e2nica, atuando principalmente nos seguintes temas: Qu\u00edmica Verde, Fotoqu\u00edmica, S\u00edntese e reatividade de organocalcog\u00eanios, mol\u00e9culas bioativas de sel\u00eanio e tel\u00fario.\u00a0 \u00c9 Bolsista do CNPq \u2013 N\u00edvel 2 (03\/2021 a 02\/2024, 03\/2024 a 02\/2027). Publicou 80 artigos cient\u00edficos em revistas com fator de alto impacto. Apresenta \u00edndice H 30. Orientou 3 alunos de mestrado e 1 de doutorado. Tem 6 pedidos de patentes depositadas. Coordena\/coordenou 4 projetos cient\u00edficos com fomento.\u00a0Atualmente \u00e9 Membro Afiliado da Academia Brasileira de Ci\u00eancias &#8211; ABC (2023-2027), Membro do American Chemical Society &#8211; ACS (2014-atual), Membro afiliado da Royal Society of Chemistry &#8211; AMRSC (2014-2019) e Membro da Royal Society of Chemistry &#8211; MRSC (2019-atual) e membro do conselho editorial de diversos peri\u00f3dicos internacionais de qu\u00edmica Recebeu v\u00e1rios pr\u00eamios internacionais, incluindo: RSC\/BMOS Early Career Investigator Award (2024) e ICCST \/Elsevier Young Emerging Scientist (2022).<\/p>\n<p style=\"text-align: justify\"><em><strong><a href=\"http:\/\/buscatextual.cnpq.br\/buscatextual\/visualizacv.do?id=K4474285Z9\" target=\"_blank\" rel=\"noopener noreferrer\">Curriculum Lattes<\/a><\/strong><\/em><\/p>\n<hr \/>\n<p style=\"text-align: justify\" data-uw-styling-context=\"true\"><em data-uw-styling-context=\"true\">Contato:<\/em><\/p>\n<p style=\"text-align: justify\" data-uw-styling-context=\"true\"><em data-uw-styling-context=\"true\">Tel.:<\/em> +55 67 3345 3578 ou 48 99664 6742<br data-uw-styling-context=\"true\" \/><em data-uw-styling-context=\"true\">E-mail<\/em>: <a href=\"mailto:jamal.rafique@ufms.br\" target=\"_blank\" rel=\"noopener noreferrer\">jamal.rafique@ufms.br<\/a>\u00a0 ou <a href=\"mailto:jamal7r@gmail.com\" target=\"_blank\" rel=\"noopener noreferrer\">jamal7r@gmail.com<\/a><br data-uw-styling-context=\"true\" \/><em data-uw-styling-context=\"true\">Website Group<\/em>: <a href=\"https:\/\/sintmol.ufms.br\/equipe\/docentes\/jamal-rafique-khan-ph-d-amrsc\/\">https:\/\/sintmol.ufms.br\/equipe\/docentes\/jamal-rafique-khan-ph-d-amrsc\/\u00a0<\/a><\/p>\n","protected":false},"excerpt":{"rendered":"<p>Graduado em Qu\u00edmica e Biologia pela Universidade de Peshawar \u2013 Paquist\u00e3o em 2003, mestre em Qu\u00edmica Org\u00e2nica pela Universidade of Malakand \u2013 Paquist\u00e3o em 2005 e doutor em Qu\u00edmica Org\u00e2nica pela Universidade Federal de Santa Catarina sob a orienta\u00e7\u00e3o do Prof. Dr. Braga em 2014. Realizou P\u00f3s-doutorado no Departamento de de Qu\u00edmica da UFSC sob [&hellip;]<\/p>\n","protected":false},"author":126,"featured_media":0,"parent":154,"menu_order":0,"comment_status":"closed","ping_status":"closed","template":"page-templates\/page-subcoordenadoria.php","meta":{"_acf_changed":false,"ngg_post_thumbnail":0,"footnotes":""},"coauthors":[],"class_list":["post-329","page","type-page","status-publish","hentry"],"acf":[],"_links":{"self":[{"href":"https:\/\/cibsint.ufms.br\/en\/wp-json\/wp\/v2\/pages\/329","targetHints":{"allow":["GET"]}}],"collection":[{"href":"https:\/\/cibsint.ufms.br\/en\/wp-json\/wp\/v2\/pages"}],"about":[{"href":"https:\/\/cibsint.ufms.br\/en\/wp-json\/wp\/v2\/types\/page"}],"author":[{"embeddable":true,"href":"https:\/\/cibsint.ufms.br\/en\/wp-json\/wp\/v2\/users\/126"}],"replies":[{"embeddable":true,"href":"https:\/\/cibsint.ufms.br\/en\/wp-json\/wp\/v2\/comments?post=329"}],"version-history":[{"count":4,"href":"https:\/\/cibsint.ufms.br\/en\/wp-json\/wp\/v2\/pages\/329\/revisions"}],"predecessor-version":[{"id":1180,"href":"https:\/\/cibsint.ufms.br\/en\/wp-json\/wp\/v2\/pages\/329\/revisions\/1180"}],"up":[{"embeddable":true,"href":"https:\/\/cibsint.ufms.br\/en\/wp-json\/wp\/v2\/pages\/154"}],"wp:attachment":[{"href":"https:\/\/cibsint.ufms.br\/en\/wp-json\/wp\/v2\/media?parent=329"}],"wp:term":[{"taxonomy":"author","embeddable":true,"href":"https:\/\/cibsint.ufms.br\/en\/wp-json\/wp\/v2\/coauthors?post=329"}],"curies":[{"name":"wp","href":"https:\/\/api.w.org\/{rel}","templated":true}]}}

<p style="text-align: justify"><img decoding="async" class="alignleft wp-image-173 size-thumbnail" src="https://cibsint.ufms.br/files/2022/05/jamal_rafique-150x150.png" alt="" width="150" height="150" />Graduado em Química e Biologia pela Universidade de Peshawar – Paquistão em 2003, mestre em Química Orgânica pela Universidade of Malakand – Paquistão em 2005 e doutor em Química Orgânica pela Universidade Federal de Santa Catarina sob a orientação do Prof. Dr. Braga em 2014. Realizou Pós-doutorado no Departamento de de Química da UFSC sob a supervisão do Prof. Braga. Atualmente é Professor (estrangeiro) da Universidade Federal de Mato Grosso do Sul. Tem interesse e experiência na ativação C-H, calcogenação de compostos heterocíclicos, fotoquímica aplicada em síntese orgânica e síntese de pequenas moléculas de interesse farmacológico envolvendo química sustentável. Tem experiência em Síntese Orgânica, atuando principalmente nos seguintes temas: Química Verde, Fotoquímica, Síntese e reatividade de organocalcogênios, moléculas bioativas de selênio e telúrio.  É Bolsista do CNPq – Nível 2 (03/2021 a 02/2024, 03/2024 a 02/2027). Publicou 80 artigos científicos em revistas com fator de alto impacto. Apresenta índice H 30. Orientou 3 alunos de mestrado e 1 de doutorado. Tem 6 pedidos de patentes depositadas. Coordena/coordenou 4 projetos científicos com fomento. Atualmente é Membro Afiliado da Academia Brasileira de Ciências &#8211; ABC (2023-2027), Membro do American Chemical Society &#8211; ACS (2014-atual), Membro afiliado da Royal Society of Chemistry &#8211; AMRSC (2014-2019) e Membro da Royal Society of Chemistry &#8211; MRSC (2019-atual) e membro do conselho editorial de diversos periódicos internacionais de química Recebeu vários prêmios internacionais, incluindo: RSC/BMOS Early Career Investigator Award (2024) e ICCST /Elsevier Young Emerging Scientist (2022).</p>
<p style="text-align: justify"><em><strong><a href="http://buscatextual.cnpq.br/buscatextual/visualizacv.do?id=K4474285Z9" target="_blank" rel="noopener noreferrer">Curriculum Lattes</a></strong></em></p>
<hr />
<p style="text-align: justify" data-uw-styling-context="true"><em data-uw-styling-context="true">Contato:</em></p>
<p style="text-align: justify" data-uw-styling-context="true"><em data-uw-styling-context="true">Tel.:</em> +55 67 3345 3578 ou 48 99664 6742<br data-uw-styling-context="true" /><em data-uw-styling-context="true">E-mail</em>: <a href="mailto:jamal.rafique@ufms.br" target="_blank" rel="noopener noreferrer">jamal.rafique@ufms.br</a>  ou <a href="mailto:jamal7r@gmail.com" target="_blank" rel="noopener noreferrer">jamal7r@gmail.com</a><br data-uw-styling-context="true" /><em data-uw-styling-context="true">Website Group</em>: <a href="https://sintmol.ufms.br/equipe/docentes/jamal-rafique-khan-ph-d-amrsc/">https://sintmol.ufms.br/equipe/docentes/jamal-rafique-khan-ph-d-amrsc/ </a></p>

<p>Graduado em Química e Biologia pela Universidade de Peshawar – Paquistão em 2003, mestre em Química Orgânica pela Universidade of Malakand – Paquistão em 2005 e doutor em Química Orgânica pela Universidade Federal de Santa Catarina sob a orientação do Prof. Dr. Braga em 2014. Realizou Pós-doutorado no Departamento de de Química da UFSC sob [&hellip;]</p>
